{"id":4058,"date":"2025-03-31T12:09:28","date_gmt":"2025-03-31T10:09:28","guid":{"rendered":"https:\/\/zsozarow.pl\/?page_id=4058"},"modified":"2025-04-02T13:28:34","modified_gmt":"2025-04-02T11:28:34","slug":"elektryk","status":"publish","type":"page","link":"https:\/\/zsozarow.pl\/?page_id=4058","title":{"rendered":"ELEKTRYK"},"content":{"rendered":"\n<p><strong>KWALIFIKACYJNY KURS ZAWODOWY<\/strong><\/p>\n\n\n\n<p><strong>ELEKTRYK \u2013 741103<\/strong><\/p>\n\n\n\n<p><strong>Kwalifikacja: ELE.02. Monta\u017c, uruchamianie i konserwacja instalacji, maszyn i urz\u0105dze\u0144 elektrycznych<\/strong><\/p>\n\n\n\n<p>Kszta\u0142cenie prowadzone jest w formie zaocznej.<\/p>\n\n\n\n<p>Warunkiem koniecznym do rozpocz\u0119cia nauki \u2013 uko\u0144czenie 18 lat, brak przeciwwskaza\u0144 zdrowotnych do nauki w w\/w zawodzie.<\/p>\n\n\n\n<p>Nauka na kursie jest bezp\u0142atna.<\/p>\n\n\n\n<p>S\u0142uchacze tego kierunku nabywaj\u0105 umiej\u0119tno\u015bci projektowania i konstruowania, produkcji i monta\u017cu oraz eksploatacji, naprawy i utrzymywania w ruchu maszyn i urz\u0105dze\u0144 elektrycznych oraz system\u00f3w zasilanych energi\u0105 elektryczn\u0105.<\/p>\n\n\n\n<p><strong>Dzi\u0119ki zdobytym w procesie nauczania kwalifikacjom, absolwent mo\u017ce wykonywa\u0107 rozmaite zadania zawodowe:<\/strong><\/p>\n\n\n\n<ul class=\"wp-block-list\">\n<li>wykonywa\u0107 badania i kontrolowa\u0107 urz\u0105dzenia w procesie produkcji oraz eksploatacji,<\/li>\n\n\n\n<li>dobiera\u0107, u\u017cytkowa\u0107, instalowa\u0107 i obs\u0142ugiwa\u0107 maszyny i urz\u0105dzenia elektrycznyczne oraz aparatury steruj\u0105ce i pomiarowe,<\/li>\n\n\n\n<li>instalowa\u0107 i obs\u0142ugiwa\u0107 uk\u0142ady energoelektroniczne,<\/li>\n\n\n\n<li>stosowa\u0107 skuteczn\u0105 ochron\u0119 urz\u0105dze\u0144 elektrycznych przed skutkami zwar\u0107, przeci\u0105\u017ce\u0144 i przepi\u0119\u0107,<\/li>\n\n\n\n<li>diagnozowa\u0107 stan element\u00f3w, uk\u0142ad\u00f3w i urz\u0105dze\u0144 elektrycznych,<\/li>\n\n\n\n<li>dobiera\u0107, instalowa\u0107 i sprawdza\u0107 \u015brodki ochrony przeciwpora\u017ceniowej,<\/li>\n\n\n\n<li>przestrzega\u0107 zasad bezpiecze\u0144stwa i higieny pracy przy urz\u0105dzeniach elektrycznych i pomiarach elektrycznych,<\/li>\n\n\n\n<li>planowa\u0107 i nadzorowa\u0107 ruch sieci elektroenergetycznej,<\/li>\n\n\n\n<li>bra\u0107 udzia\u0142 w pracach zespo\u0142\u00f3w projektowych,<\/li>\n\n\n\n<li>pos\u0142ugiwa\u0107 si\u0119 technik\u0105 komputerow\u0105.<\/li>\n<\/ul>\n\n\n\n<p><strong>Nauka w tym zawodzie pozwoli na zdobycie kwalifikacji poszukiwanych obecnie na rynku pracy.<\/strong><\/p>\n\n\n\n<p><strong><br><\/strong><strong>Praca:<\/strong><\/p>\n\n\n\n<ul class=\"wp-block-list\">\n<li>elektroinstalatorzy,<\/li>\n\n\n\n<li>elektrycy utrzymania ruchu w zak\u0142adach przemys\u0142owych,<\/li>\n\n\n\n<li>projektanci i wykonawcy instalacji elektrycznych,<\/li>\n\n\n\n<li>pracownicy wykonuj\u0105cy czynno\u015bci kontrolno- pomiarowe.<\/li>\n\n\n\n<li><\/li>\n<\/ul>\n\n\n\n<p><em><strong>Absolwent kierunku po zdaniu egzaminu zawodowego otrzymuje:<\/strong><\/em><br>Za\u015bwiadczenie o uko\u0144czeniu Kwalifikacyjnego Kursu Zawodowego. W przypadku udokumentowania wykszta\u0142cenia minimum Bran\u017cowej Szko\u0142y Pierwszego stopnia lub Zasadniczej Szko\u0142y Zawodowej \u2013 \u015bwiadectwo uko\u0144czenia.<\/p>\n\n\n\n<figure class=\"wp-block-gallery has-nested-images columns-default is-cropped wp-block-gallery-1 is-layout-flex wp-block-gallery-is-layout-flex\">\n<figure data-wp-context=\"{&quot;imageId&quot;:&quot;69fc854e90859&quot;}\" data-wp-interactive=\"core\/image\" data-wp-key=\"69fc854e90859\" class=\"wp-block-image size-large wp-lightbox-container\"><img fetchpriority=\"high\" decoding=\"async\" width=\"1024\" height=\"576\" data-wp-class--hide=\"state.isContentHidden\" data-wp-class--show=\"state.isContentVisible\" data-wp-init=\"callbacks.setButtonStyles\" data-wp-on--click=\"actions.showLightbox\" data-wp-on--load=\"callbacks.setButtonStyles\" data-wp-on-window--resize=\"callbacks.setButtonStyles\" data-id=\"3080\" src=\"https:\/\/zsozarow.pl\/wp-content\/uploads\/2025\/03\/470006563_1122537173216498_7188430667918325097_n-1024x576.jpg\" alt=\"\" class=\"wp-image-3080\" srcset=\"https:\/\/zsozarow.pl\/wp-content\/uploads\/2025\/03\/470006563_1122537173216498_7188430667918325097_n-1024x576.jpg 1024w, https:\/\/zsozarow.pl\/wp-content\/uploads\/2025\/03\/470006563_1122537173216498_7188430667918325097_n-300x169.jpg 300w, https:\/\/zsozarow.pl\/wp-content\/uploads\/2025\/03\/470006563_1122537173216498_7188430667918325097_n-768x432.jpg 768w, https:\/\/zsozarow.pl\/wp-content\/uploads\/2025\/03\/470006563_1122537173216498_7188430667918325097_n.jpg 1280w\" sizes=\"(max-width: 1024px) 100vw, 1024px\" \/><button\n\t\t\tclass=\"lightbox-trigger\"\n\t\t\ttype=\"button\"\n\t\t\taria-haspopup=\"dialog\"\n\t\t\taria-label=\"Powi\u0119ksz\"\n\t\t\tdata-wp-init=\"callbacks.initTriggerButton\"\n\t\t\tdata-wp-on--click=\"actions.showLightbox\"\n\t\t\tdata-wp-style--right=\"state.imageButtonRight\"\n\t\t\tdata-wp-style--top=\"state.imageButtonTop\"\n\t\t>\n\t\t\t<svg xmlns=\"http:\/\/www.w3.org\/2000\/svg\" width=\"12\" height=\"12\" fill=\"none\" viewBox=\"0 0 12 12\">\n\t\t\t\t<path fill=\"#fff\" d=\"M2 0a2 2 0 0 0-2 2v2h1.5V2a.5.5 0 0 1 .5-.5h2V0H2Zm2 10.5H2a.5.5 0 0 1-.5-.5V8H0v2a2 2 0 0 0 2 2h2v-1.5ZM8 12v-1.5h2a.5.5 0 0 0 .5-.5V8H12v2a2 2 0 0 1-2 2H8Zm2-12a2 2 0 0 1 2 2v2h-1.5V2a.5.5 0 0 0-.5-.5H8V0h2Z\" \/>\n\t\t\t<\/svg>\n\t\t<\/button><\/figure>\n\n\n\n<figure data-wp-context=\"{&quot;imageId&quot;:&quot;69fc854e90dc7&quot;}\" data-wp-interactive=\"core\/image\" data-wp-key=\"69fc854e90dc7\" class=\"wp-block-image size-large wp-lightbox-container\"><img decoding=\"async\" width=\"768\" height=\"1024\" data-wp-class--hide=\"state.isContentHidden\" data-wp-class--show=\"state.isContentVisible\" data-wp-init=\"callbacks.setButtonStyles\" data-wp-on--click=\"actions.showLightbox\" data-wp-on--load=\"callbacks.setButtonStyles\" data-wp-on-window--resize=\"callbacks.setButtonStyles\" data-id=\"2958\" src=\"https:\/\/zsozarow.pl\/wp-content\/uploads\/2024\/09\/IMG_20240705_080048_1-2-768x1024.jpg\" alt=\"\" class=\"wp-image-2958\" srcset=\"https:\/\/zsozarow.pl\/wp-content\/uploads\/2024\/09\/IMG_20240705_080048_1-2-768x1024.jpg 768w, https:\/\/zsozarow.pl\/wp-content\/uploads\/2024\/09\/IMG_20240705_080048_1-2-225x300.jpg 225w, https:\/\/zsozarow.pl\/wp-content\/uploads\/2024\/09\/IMG_20240705_080048_1-2.jpg 1000w\" sizes=\"(max-width: 768px) 100vw, 768px\" \/><button\n\t\t\tclass=\"lightbox-trigger\"\n\t\t\ttype=\"button\"\n\t\t\taria-haspopup=\"dialog\"\n\t\t\taria-label=\"Powi\u0119ksz\"\n\t\t\tdata-wp-init=\"callbacks.initTriggerButton\"\n\t\t\tdata-wp-on--click=\"actions.showLightbox\"\n\t\t\tdata-wp-style--right=\"state.imageButtonRight\"\n\t\t\tdata-wp-style--top=\"state.imageButtonTop\"\n\t\t>\n\t\t\t<svg xmlns=\"http:\/\/www.w3.org\/2000\/svg\" width=\"12\" height=\"12\" fill=\"none\" viewBox=\"0 0 12 12\">\n\t\t\t\t<path fill=\"#fff\" d=\"M2 0a2 2 0 0 0-2 2v2h1.5V2a.5.5 0 0 1 .5-.5h2V0H2Zm2 10.5H2a.5.5 0 0 1-.5-.5V8H0v2a2 2 0 0 0 2 2h2v-1.5ZM8 12v-1.5h2a.5.5 0 0 0 .5-.5V8H12v2a2 2 0 0 1-2 2H8Zm2-12a2 2 0 0 1 2 2v2h-1.5V2a.5.5 0 0 0-.5-.5H8V0h2Z\" \/>\n\t\t\t<\/svg>\n\t\t<\/button><\/figure>\n\n\n\n<figure data-wp-context=\"{&quot;imageId&quot;:&quot;69fc854e9122c&quot;}\" data-wp-interactive=\"core\/image\" data-wp-key=\"69fc854e9122c\" class=\"wp-block-image size-large wp-lightbox-container\"><img decoding=\"async\" width=\"875\" height=\"582\" data-wp-class--hide=\"state.isContentHidden\" data-wp-class--show=\"state.isContentVisible\" data-wp-init=\"callbacks.setButtonStyles\" data-wp-on--click=\"actions.showLightbox\" data-wp-on--load=\"callbacks.setButtonStyles\" data-wp-on-window--resize=\"callbacks.setButtonStyles\" data-id=\"989\" src=\"https:\/\/zsozarow.pl\/wp-content\/uploads\/2022\/04\/269609178_5055057064615808_5915383005208462818_n.jpg\" alt=\"\" class=\"wp-image-989\" srcset=\"https:\/\/zsozarow.pl\/wp-content\/uploads\/2022\/04\/269609178_5055057064615808_5915383005208462818_n.jpg 875w, https:\/\/zsozarow.pl\/wp-content\/uploads\/2022\/04\/269609178_5055057064615808_5915383005208462818_n-300x200.jpg 300w, https:\/\/zsozarow.pl\/wp-content\/uploads\/2022\/04\/269609178_5055057064615808_5915383005208462818_n-768x511.jpg 768w\" sizes=\"(max-width: 875px) 100vw, 875px\" \/><button\n\t\t\tclass=\"lightbox-trigger\"\n\t\t\ttype=\"button\"\n\t\t\taria-haspopup=\"dialog\"\n\t\t\taria-label=\"Powi\u0119ksz\"\n\t\t\tdata-wp-init=\"callbacks.initTriggerButton\"\n\t\t\tdata-wp-on--click=\"actions.showLightbox\"\n\t\t\tdata-wp-style--right=\"state.imageButtonRight\"\n\t\t\tdata-wp-style--top=\"state.imageButtonTop\"\n\t\t>\n\t\t\t<svg xmlns=\"http:\/\/www.w3.org\/2000\/svg\" width=\"12\" height=\"12\" fill=\"none\" viewBox=\"0 0 12 12\">\n\t\t\t\t<path fill=\"#fff\" d=\"M2 0a2 2 0 0 0-2 2v2h1.5V2a.5.5 0 0 1 .5-.5h2V0H2Zm2 10.5H2a.5.5 0 0 1-.5-.5V8H0v2a2 2 0 0 0 2 2h2v-1.5ZM8 12v-1.5h2a.5.5 0 0 0 .5-.5V8H12v2a2 2 0 0 1-2 2H8Zm2-12a2 2 0 0 1 2 2v2h-1.5V2a.5.5 0 0 0-.5-.5H8V0h2Z\" \/>\n\t\t\t<\/svg>\n\t\t<\/button><\/figure>\n\n\n\n<figure data-wp-context=\"{&quot;imageId&quot;:&quot;69fc854e91676&quot;}\" data-wp-interactive=\"core\/image\" data-wp-key=\"69fc854e91676\" class=\"wp-block-image size-large wp-lightbox-container\"><img loading=\"lazy\" decoding=\"async\" width=\"683\" height=\"1024\" data-wp-class--hide=\"state.isContentHidden\" data-wp-class--show=\"state.isContentVisible\" data-wp-init=\"callbacks.setButtonStyles\" data-wp-on--click=\"actions.showLightbox\" data-wp-on--load=\"callbacks.setButtonStyles\" data-wp-on-window--resize=\"callbacks.setButtonStyles\" data-id=\"1530\" src=\"https:\/\/zsozarow.pl\/wp-content\/uploads\/2023\/03\/331728562_5919619234787568_5749325752532571311_n-683x1024.jpg\" alt=\"\" class=\"wp-image-1530\" srcset=\"https:\/\/zsozarow.pl\/wp-content\/uploads\/2023\/03\/331728562_5919619234787568_5749325752532571311_n-683x1024.jpg 683w, https:\/\/zsozarow.pl\/wp-content\/uploads\/2023\/03\/331728562_5919619234787568_5749325752532571311_n-200x300.jpg 200w, https:\/\/zsozarow.pl\/wp-content\/uploads\/2023\/03\/331728562_5919619234787568_5749325752532571311_n-768x1152.jpg 768w, https:\/\/zsozarow.pl\/wp-content\/uploads\/2023\/03\/331728562_5919619234787568_5749325752532571311_n-1024x1536.jpg 1024w, https:\/\/zsozarow.pl\/wp-content\/uploads\/2023\/03\/331728562_5919619234787568_5749325752532571311_n.jpg 1365w\" sizes=\"(max-width: 683px) 100vw, 683px\" \/><button\n\t\t\tclass=\"lightbox-trigger\"\n\t\t\ttype=\"button\"\n\t\t\taria-haspopup=\"dialog\"\n\t\t\taria-label=\"Powi\u0119ksz\"\n\t\t\tdata-wp-init=\"callbacks.initTriggerButton\"\n\t\t\tdata-wp-on--click=\"actions.showLightbox\"\n\t\t\tdata-wp-style--right=\"state.imageButtonRight\"\n\t\t\tdata-wp-style--top=\"state.imageButtonTop\"\n\t\t>\n\t\t\t<svg xmlns=\"http:\/\/www.w3.org\/2000\/svg\" width=\"12\" height=\"12\" fill=\"none\" viewBox=\"0 0 12 12\">\n\t\t\t\t<path fill=\"#fff\" d=\"M2 0a2 2 0 0 0-2 2v2h1.5V2a.5.5 0 0 1 .5-.5h2V0H2Zm2 10.5H2a.5.5 0 0 1-.5-.5V8H0v2a2 2 0 0 0 2 2h2v-1.5ZM8 12v-1.5h2a.5.5 0 0 0 .5-.5V8H12v2a2 2 0 0 1-2 2H8Zm2-12a2 2 0 0 1 2 2v2h-1.5V2a.5.5 0 0 0-.5-.5H8V0h2Z\" \/>\n\t\t\t<\/svg>\n\t\t<\/button><\/figure>\n\n\n\n<figure data-wp-context=\"{&quot;imageId&quot;:&quot;69fc854e91b11&quot;}\" data-wp-interactive=\"core\/image\" data-wp-key=\"69fc854e91b11\" class=\"wp-block-image size-large wp-lightbox-container\"><img loading=\"lazy\" decoding=\"async\" width=\"1024\" height=\"683\" data-wp-class--hide=\"state.isContentHidden\" data-wp-class--show=\"state.isContentVisible\" data-wp-init=\"callbacks.setButtonStyles\" data-wp-on--click=\"actions.showLightbox\" data-wp-on--load=\"callbacks.setButtonStyles\" data-wp-on-window--resize=\"callbacks.setButtonStyles\" data-id=\"1609\" src=\"https:\/\/zsozarow.pl\/wp-content\/uploads\/2023\/03\/5C1A4966-1024x683.jpg\" alt=\"\" class=\"wp-image-1609\" srcset=\"https:\/\/zsozarow.pl\/wp-content\/uploads\/2023\/03\/5C1A4966-1024x683.jpg 1024w, https:\/\/zsozarow.pl\/wp-content\/uploads\/2023\/03\/5C1A4966-300x200.jpg 300w, https:\/\/zsozarow.pl\/wp-content\/uploads\/2023\/03\/5C1A4966-768x512.jpg 768w, https:\/\/zsozarow.pl\/wp-content\/uploads\/2023\/03\/5C1A4966-1536x1024.jpg 1536w, https:\/\/zsozarow.pl\/wp-content\/uploads\/2023\/03\/5C1A4966-2048x1365.jpg 2048w\" sizes=\"(max-width: 1024px) 100vw, 1024px\" \/><button\n\t\t\tclass=\"lightbox-trigger\"\n\t\t\ttype=\"button\"\n\t\t\taria-haspopup=\"dialog\"\n\t\t\taria-label=\"Powi\u0119ksz\"\n\t\t\tdata-wp-init=\"callbacks.initTriggerButton\"\n\t\t\tdata-wp-on--click=\"actions.showLightbox\"\n\t\t\tdata-wp-style--right=\"state.imageButtonRight\"\n\t\t\tdata-wp-style--top=\"state.imageButtonTop\"\n\t\t>\n\t\t\t<svg xmlns=\"http:\/\/www.w3.org\/2000\/svg\" width=\"12\" height=\"12\" fill=\"none\" viewBox=\"0 0 12 12\">\n\t\t\t\t<path fill=\"#fff\" d=\"M2 0a2 2 0 0 0-2 2v2h1.5V2a.5.5 0 0 1 .5-.5h2V0H2Zm2 10.5H2a.5.5 0 0 1-.5-.5V8H0v2a2 2 0 0 0 2 2h2v-1.5ZM8 12v-1.5h2a.5.5 0 0 0 .5-.5V8H12v2a2 2 0 0 1-2 2H8Zm2-12a2 2 0 0 1 2 2v2h-1.5V2a.5.5 0 0 0-.5-.5H8V0h2Z\" \/>\n\t\t\t<\/svg>\n\t\t<\/button><\/figure>\n\n\n\n<figure data-wp-context=\"{&quot;imageId&quot;:&quot;69fc854e91f75&quot;}\" data-wp-interactive=\"core\/image\" data-wp-key=\"69fc854e91f75\" class=\"wp-block-image size-large wp-lightbox-container\"><img loading=\"lazy\" decoding=\"async\" width=\"1024\" height=\"683\" data-wp-class--hide=\"state.isContentHidden\" data-wp-class--show=\"state.isContentVisible\" data-wp-init=\"callbacks.setButtonStyles\" data-wp-on--click=\"actions.showLightbox\" data-wp-on--load=\"callbacks.setButtonStyles\" data-wp-on-window--resize=\"callbacks.setButtonStyles\" data-id=\"1608\" src=\"https:\/\/zsozarow.pl\/wp-content\/uploads\/2023\/03\/5C1A4987-1024x683.jpg\" alt=\"\" class=\"wp-image-1608\" srcset=\"https:\/\/zsozarow.pl\/wp-content\/uploads\/2023\/03\/5C1A4987-1024x683.jpg 1024w, https:\/\/zsozarow.pl\/wp-content\/uploads\/2023\/03\/5C1A4987-300x200.jpg 300w, https:\/\/zsozarow.pl\/wp-content\/uploads\/2023\/03\/5C1A4987-768x512.jpg 768w, https:\/\/zsozarow.pl\/wp-content\/uploads\/2023\/03\/5C1A4987-1536x1024.jpg 1536w, https:\/\/zsozarow.pl\/wp-content\/uploads\/2023\/03\/5C1A4987-2048x1365.jpg 2048w\" sizes=\"(max-width: 1024px) 100vw, 1024px\" \/><button\n\t\t\tclass=\"lightbox-trigger\"\n\t\t\ttype=\"button\"\n\t\t\taria-haspopup=\"dialog\"\n\t\t\taria-label=\"Powi\u0119ksz\"\n\t\t\tdata-wp-init=\"callbacks.initTriggerButton\"\n\t\t\tdata-wp-on--click=\"actions.showLightbox\"\n\t\t\tdata-wp-style--right=\"state.imageButtonRight\"\n\t\t\tdata-wp-style--top=\"state.imageButtonTop\"\n\t\t>\n\t\t\t<svg xmlns=\"http:\/\/www.w3.org\/2000\/svg\" width=\"12\" height=\"12\" fill=\"none\" viewBox=\"0 0 12 12\">\n\t\t\t\t<path fill=\"#fff\" d=\"M2 0a2 2 0 0 0-2 2v2h1.5V2a.5.5 0 0 1 .5-.5h2V0H2Zm2 10.5H2a.5.5 0 0 1-.5-.5V8H0v2a2 2 0 0 0 2 2h2v-1.5ZM8 12v-1.5h2a.5.5 0 0 0 .5-.5V8H12v2a2 2 0 0 1-2 2H8Zm2-12a2 2 0 0 1 2 2v2h-1.5V2a.5.5 0 0 0-.5-.5H8V0h2Z\" \/>\n\t\t\t<\/svg>\n\t\t<\/button><\/figure>\n\n\n\n<figure data-wp-context=\"{&quot;imageId&quot;:&quot;69fc854e923ba&quot;}\" data-wp-interactive=\"core\/image\" data-wp-key=\"69fc854e923ba\" class=\"wp-block-image size-large wp-lightbox-container\"><img loading=\"lazy\" decoding=\"async\" width=\"1024\" height=\"683\" data-wp-class--hide=\"state.isContentHidden\" data-wp-class--show=\"state.isContentVisible\" data-wp-init=\"callbacks.setButtonStyles\" data-wp-on--click=\"actions.showLightbox\" data-wp-on--load=\"callbacks.setButtonStyles\" data-wp-on-window--resize=\"callbacks.setButtonStyles\" data-id=\"1607\" src=\"https:\/\/zsozarow.pl\/wp-content\/uploads\/2023\/03\/5C1A4980-1024x683.jpg\" alt=\"\" class=\"wp-image-1607\" srcset=\"https:\/\/zsozarow.pl\/wp-content\/uploads\/2023\/03\/5C1A4980-1024x683.jpg 1024w, https:\/\/zsozarow.pl\/wp-content\/uploads\/2023\/03\/5C1A4980-300x200.jpg 300w, https:\/\/zsozarow.pl\/wp-content\/uploads\/2023\/03\/5C1A4980-768x512.jpg 768w, https:\/\/zsozarow.pl\/wp-content\/uploads\/2023\/03\/5C1A4980-1536x1024.jpg 1536w, https:\/\/zsozarow.pl\/wp-content\/uploads\/2023\/03\/5C1A4980-2048x1365.jpg 2048w\" sizes=\"(max-width: 1024px) 100vw, 1024px\" \/><button\n\t\t\tclass=\"lightbox-trigger\"\n\t\t\ttype=\"button\"\n\t\t\taria-haspopup=\"dialog\"\n\t\t\taria-label=\"Powi\u0119ksz\"\n\t\t\tdata-wp-init=\"callbacks.initTriggerButton\"\n\t\t\tdata-wp-on--click=\"actions.showLightbox\"\n\t\t\tdata-wp-style--right=\"state.imageButtonRight\"\n\t\t\tdata-wp-style--top=\"state.imageButtonTop\"\n\t\t>\n\t\t\t<svg xmlns=\"http:\/\/www.w3.org\/2000\/svg\" width=\"12\" height=\"12\" fill=\"none\" viewBox=\"0 0 12 12\">\n\t\t\t\t<path fill=\"#fff\" d=\"M2 0a2 2 0 0 0-2 2v2h1.5V2a.5.5 0 0 1 .5-.5h2V0H2Zm2 10.5H2a.5.5 0 0 1-.5-.5V8H0v2a2 2 0 0 0 2 2h2v-1.5ZM8 12v-1.5h2a.5.5 0 0 0 .5-.5V8H12v2a2 2 0 0 1-2 2H8Zm2-12a2 2 0 0 1 2 2v2h-1.5V2a.5.5 0 0 0-.5-.5H8V0h2Z\" \/>\n\t\t\t<\/svg>\n\t\t<\/button><\/figure>\n\n\n\n<figure data-wp-context=\"{&quot;imageId&quot;:&quot;69fc854e9289f&quot;}\" data-wp-interactive=\"core\/image\" data-wp-key=\"69fc854e9289f\" class=\"wp-block-image size-large wp-lightbox-container\"><img loading=\"lazy\" decoding=\"async\" width=\"683\" height=\"1024\" data-wp-class--hide=\"state.isContentHidden\" data-wp-class--show=\"state.isContentVisible\" data-wp-init=\"callbacks.setButtonStyles\" data-wp-on--click=\"actions.showLightbox\" data-wp-on--load=\"callbacks.setButtonStyles\" data-wp-on-window--resize=\"callbacks.setButtonStyles\" data-id=\"1610\" src=\"https:\/\/zsozarow.pl\/wp-content\/uploads\/2023\/03\/5C1A4975-683x1024.jpg\" alt=\"\" class=\"wp-image-1610\" srcset=\"https:\/\/zsozarow.pl\/wp-content\/uploads\/2023\/03\/5C1A4975-683x1024.jpg 683w, https:\/\/zsozarow.pl\/wp-content\/uploads\/2023\/03\/5C1A4975-200x300.jpg 200w, https:\/\/zsozarow.pl\/wp-content\/uploads\/2023\/03\/5C1A4975-768x1152.jpg 768w, https:\/\/zsozarow.pl\/wp-content\/uploads\/2023\/03\/5C1A4975-1024x1536.jpg 1024w, https:\/\/zsozarow.pl\/wp-content\/uploads\/2023\/03\/5C1A4975-1365x2048.jpg 1365w, https:\/\/zsozarow.pl\/wp-content\/uploads\/2023\/03\/5C1A4975-scaled.jpg 1707w\" sizes=\"(max-width: 683px) 100vw, 683px\" \/><button\n\t\t\tclass=\"lightbox-trigger\"\n\t\t\ttype=\"button\"\n\t\t\taria-haspopup=\"dialog\"\n\t\t\taria-label=\"Powi\u0119ksz\"\n\t\t\tdata-wp-init=\"callbacks.initTriggerButton\"\n\t\t\tdata-wp-on--click=\"actions.showLightbox\"\n\t\t\tdata-wp-style--right=\"state.imageButtonRight\"\n\t\t\tdata-wp-style--top=\"state.imageButtonTop\"\n\t\t>\n\t\t\t<svg xmlns=\"http:\/\/www.w3.org\/2000\/svg\" width=\"12\" height=\"12\" fill=\"none\" viewBox=\"0 0 12 12\">\n\t\t\t\t<path fill=\"#fff\" d=\"M2 0a2 2 0 0 0-2 2v2h1.5V2a.5.5 0 0 1 .5-.5h2V0H2Zm2 10.5H2a.5.5 0 0 1-.5-.5V8H0v2a2 2 0 0 0 2 2h2v-1.5ZM8 12v-1.5h2a.5.5 0 0 0 .5-.5V8H12v2a2 2 0 0 1-2 2H8Zm2-12a2 2 0 0 1 2 2v2h-1.5V2a.5.5 0 0 0-.5-.5H8V0h2Z\" \/>\n\t\t\t<\/svg>\n\t\t<\/button><\/figure>\n<\/figure>\n","protected":false},"excerpt":{"rendered":"<p>KWALIFIKACYJNY KURS ZAWODOWY ELEKTRYK \u2013 741103 Kwalifikacja: ELE.02. Monta\u017c, uruchamianie i konserwacja instalacji, maszyn i urz\u0105dze\u0144 elektrycznych Kszta\u0142cenie prowadzone jest w formie zaocznej. Warunkiem koniecznym do rozpocz\u0119cia nauki \u2013 uko\u0144czenie 18 lat, brak przeciwwskaza\u0144 zdrowotnych do nauki w w\/w zawodzie. Nauka na kursie jest bezp\u0142atna. S\u0142uchacze tego kierunku nabywaj\u0105 umiej\u0119tno\u015bci projektowania i konstruowania, produkcji i [&hellip;]<\/p>\n","protected":false},"author":1,"featured_media":0,"parent":0,"menu_order":0,"comment_status":"closed","ping_status":"closed","template":"","meta":{"footnotes":""},"class_list":["post-4058","page","type-page","status-publish","hentry"],"_links":{"self":[{"href":"https:\/\/zsozarow.pl\/index.php?rest_route=\/wp\/v2\/pages\/4058","targetHints":{"allow":["GET"]}}],"collection":[{"href":"https:\/\/zsozarow.pl\/index.php?rest_route=\/wp\/v2\/pages"}],"about":[{"href":"https:\/\/zsozarow.pl\/index.php?rest_route=\/wp\/v2\/types\/page"}],"author":[{"embeddable":true,"href":"https:\/\/zsozarow.pl\/index.php?rest_route=\/wp\/v2\/users\/1"}],"replies":[{"embeddable":true,"href":"https:\/\/zsozarow.pl\/index.php?rest_route=%2Fwp%2Fv2%2Fcomments&post=4058"}],"version-history":[{"count":3,"href":"https:\/\/zsozarow.pl\/index.php?rest_route=\/wp\/v2\/pages\/4058\/revisions"}],"predecessor-version":[{"id":4085,"href":"https:\/\/zsozarow.pl\/index.php?rest_route=\/wp\/v2\/pages\/4058\/revisions\/4085"}],"wp:attachment":[{"href":"https:\/\/zsozarow.pl\/index.php?rest_route=%2Fwp%2Fv2%2Fmedia&parent=4058"}],"curies":[{"name":"wp","href":"https:\/\/api.w.org\/{rel}","templated":true}]}}